{"id":373,"date":"2022-05-16T08:51:16","date_gmt":"2022-05-16T11:51:16","guid":{"rendered":"https:\/\/planejamento.mpma.mp.br\/?page_id=373"},"modified":"2022-05-16T11:47:09","modified_gmt":"2022-05-16T14:47:09","slug":"relatorios-pei-21-29-paineis-bi","status":"publish","type":"page","link":"https:\/\/planejamento.mpma.mp.br\/?page_id=373","title":{"rendered":"Relat\u00f3rios PEI 21-29 (Pain\u00e9is BI)"},"content":{"rendered":"<blockquote>\n<h3 style=\"text-align: left;\"><a href=\"https:\/\/app.powerbi.com\/view?r=eyJrIjoiZDAyZTUxMzYtMDAzOC00NTI1LWI4M2MtOTc2Zjk1MjIxNmU0IiwidCI6IjM3YWQ5OWU1LTBkNTMtNDA5ZC1iZWFiLTMzMjVkZjYxYTY4ZSJ9\">Diagn\u00f3stico de demandas priorit\u00e1rias de atua\u00e7\u00e3o do MPMA para o per\u00edodo de 2021-2029.<\/a><\/h3>\n<\/blockquote>\n<p>&nbsp;<\/p>\n<blockquote>\n<h3 style=\"text-align: left;\"><a href=\"https:\/\/app.powerbi.com\/view?r=eyJrIjoiZDFmODhkZWItZTg5Ny00YjA2LTk4NWMtY2M4MmMwMDZkZDRlIiwidCI6IjM3YWQ5OWU1LTBkNTMtNDA5ZC1iZWFiLTMzMjVkZjYxYTY4ZSJ9\">Relat\u00f3rio dos encontros Regionais (S\u00e3o Lu\u00eds, Imperatriz e Timon) para desenvolvimento de valores, vis\u00e3o de Futuro, programas e a\u00e7\u00f5es a serem trabalhados no novo ciclo do Planejamento Estrat\u00e9gico do MPMA.<\/a><\/h3>\n<\/blockquote>\n<p>&nbsp;<\/p>\n<blockquote>\n<h3><a href=\"https:\/\/app.powerbi.com\/view?r=eyJrIjoiYTJiZDczNWQtZGFiMC00YTBiLWFiYjEtNGQ1MjUyYTYwZGM0IiwidCI6IjM3YWQ5OWU1LTBkNTMtNDA5ZC1iZWFiLTMzMjVkZjYxYTY4ZSJ9\">Monitoramento das atividades de desenvolvimento do Plano T\u00e1tico-Operacional.<\/a><\/h3>\n<\/blockquote>\n<h3><\/h3>\n<p style=\"padding-left: 40px;\">\n","protected":false},"excerpt":{"rendered":"<p>Diagn\u00f3stico de demandas priorit\u00e1rias de atua\u00e7\u00e3o do MPMA para o per\u00edodo de 2021-2029. &nbsp; Relat\u00f3rio dos encontros Regionais (S\u00e3o Lu\u00eds, Imperatriz e Timon) para desenvolvimento de valores, vis\u00e3o de Futuro,&hellip;<\/p>\n","protected":false},"author":9,"featured_media":0,"parent":0,"menu_order":0,"comment_status":"closed","ping_status":"closed","template":"","meta":{"footnotes":""},"class_list":["post-373","page","type-page","status-publish","hentry"],"_links":{"self":[{"href":"https:\/\/planejamento.mpma.mp.br\/index.php?rest_route=\/wp\/v2\/pages\/373","targetHints":{"allow":["GET"]}}],"collection":[{"href":"https:\/\/planejamento.mpma.mp.br\/index.php?rest_route=\/wp\/v2\/pages"}],"about":[{"href":"https:\/\/planejamento.mpma.mp.br\/index.php?rest_route=\/wp\/v2\/types\/page"}],"author":[{"embeddable":true,"href":"https:\/\/planejamento.mpma.mp.br\/index.php?rest_route=\/wp\/v2\/users\/9"}],"replies":[{"embeddable":true,"href":"https:\/\/planejamento.mpma.mp.br\/index.php?rest_route=%2Fwp%2Fv2%2Fcomments&post=373"}],"version-history":[{"count":9,"href":"https:\/\/planejamento.mpma.mp.br\/index.php?rest_route=\/wp\/v2\/pages\/373\/revisions"}],"predecessor-version":[{"id":389,"href":"https:\/\/planejamento.mpma.mp.br\/index.php?rest_route=\/wp\/v2\/pages\/373\/revisions\/389"}],"wp:attachment":[{"href":"https:\/\/planejamento.mpma.mp.br\/index.php?rest_route=%2Fwp%2Fv2%2Fmedia&parent=373"}],"curies":[{"name":"wp","href":"https:\/\/api.w.org\/{rel}","templated":true}]}}