{"id":256,"date":"2021-06-07T14:07:59","date_gmt":"2021-06-07T17:07:59","guid":{"rendered":"https:\/\/planejamento.mpma.mp.br\/?page_id=256"},"modified":"2023-08-28T14:47:30","modified_gmt":"2023-08-28T17:47:30","slug":"clipping","status":"publish","type":"page","link":"https:\/\/planejamento.mpma.mp.br\/?page_id=256","title":{"rendered":"Clipping"},"content":{"rendered":"<ol>\n<li><a href=\"https:\/\/www.mpma.mp.br\/planejamento-estrategico-definira-demandas-prioritarias-do-mpma-para-os-proximos-anos\/\">Planejamento estrat\u00e9gico definir\u00e1 demandas priorit\u00e1rias do MPMA para os pr\u00f3ximos anos<\/a><\/li>\n<li><a href=\"https:\/\/www.mpma.mp.br\/mpma-inicia-planejamento-estrategico-2021-2029\/\">MPMA inicia planejamento estrat\u00e9gico 2021 \u2013 2029<\/a><\/li>\n<li><a href=\"https:\/\/www.youtube.com\/watch?v=6c1ApmiGM1w\">Registro em v\u00eddeo do lan\u00e7amento da consulta p\u00fablica do Planejamento Estrat\u00e9gico Institucional 2021-2029<\/a><\/li>\n<li><a href=\"https:\/\/www.mpma.mp.br\/index.php\/lista-de-noticias-gerais\/11\/18182\">SEPLAG no CNMP para tratar da segunda etapa do Planejamento Estrat\u00e9gico Institucional 2021-2029<\/a><\/li>\n<li><a href=\"https:\/\/www.mpma.mp.br\/index.php\/lista-de-avisos\/18215-abertas-inscricoes-para-participacao-nos-encontros-regionais-do-planejamento-estrategico-2021-2029\">Abertas as inscri\u00e7\u00f5es para os Encontros Regionais do Planejamento Estrat\u00e9gico do MPMA\u00a02021-2029<\/a><\/li>\n<li><a href=\"https:\/\/www.mpma.mp.br\/index.php\/lista-de-noticias-gerais\/18209-dados-da-consulta-publica-do-novo-planejamento-estrategico-do-mpma-sao-apresentados\">Apresenta\u00e7\u00e3o dos dados da consulta p\u00fablica do Planejamento Estrat\u00e9gico do MPMA para o Procurador-Geral de Justi\u00e7a e demais membros.<\/a><\/li>\n<li><a href=\"https:\/\/www.mpma.mp.br\/index.php\/lista-de-noticias-gerais\/18278-encontro-do-planejamento-estrategico-do-mpma-acontece-nesta-terca-em-sao-luis\">Encontro do Planejamento Estrat\u00e9gico do MPMA em S\u00e3o Lu\u00eds<\/a><\/li>\n<li><a href=\"https:\/\/www.mpma.mp.br\/index.php\/lista-de-noticias-gerais\/18291-imperatriz-mpma-realiza-encontro-de-planejamento-estrategico-na-regiao-tocantina\">Encontro do Planejamento Estrat\u00e9gico do MPMA em Imperatriz<\/a><\/li>\n<li><a href=\"https:\/\/www.mpma.mp.br\/index.php\/lista-de-noticias-gerais\/18403-timon-encontro-do-planejamento-estrategico-e-realizado-na-comarca\">Encontro do Planejamento Estrat\u00e9gico do MPMA em Timon<\/a><\/li>\n<li><a href=\"https:\/\/www.mpma.mp.br\/index.php\/lista-de-noticias-gerais\/18504-equipe-da-seplag-apresenta-resultados-da-segunda-etapa-do-planejamento-estrategico\">Entrega dos resultados da segunda etapa do Planejamento Estrat\u00e9gico ao Procurador-Geral de Justi\u00e7a<\/a><\/li>\n<li><a href=\"https:\/\/www.mpma.mp.br\/index.php\/lista-de-noticias-gerais\/18803-mpma-inicia-desdobramento-do-planejamento-estrategico-da-area-administrativa\">MPMA inicia desdobramento do Planejamento Estrat\u00e9gico da \u00e1rea administrativa<\/a><\/li>\n<li><a href=\"https:\/\/drive.google.com\/file\/d\/10Qv588ILfU6lDUbY2ASXSU7-qrKFBNuk\/view?usp=sharing\">Newsletter 01: Desdobrando a estrat\u00e9gia<\/a><\/li>\n<li><a href=\"https:\/\/drive.google.com\/file\/d\/1gNjsfUQpqTSaSe3PJXoUOFNkcDeE23fl\/view?usp=sharing\">Newsletter 02: Reuni\u00f5es setoriais de desdobramentos do Planejamento Estrat\u00e9gico ultrapassam 50% das unidades administrativas.<\/a><\/li>\n<li><a href=\"https:\/\/www.mpma.mp.br\/sao-luis-planejamento-estrategico-do-mpma-vai-entrar-em-fase-de-execucao\/\">Planejamento Estrat\u00e9gico do MPMA vai entrar em fase de execu\u00e7\u00e3o<\/a><\/li>\n<li><a href=\"https:\/\/drive.google.com\/file\/d\/1nTdbowL6tUppLGSm_rSz6TmAdhzMUXWR\/view?usp=sharing\">Newsletter 03: Equipe da SEPLAG vai at\u00e9 Buriticupu conhecer o Projeto de Boas Pr\u00e1ticas de Gest\u00e3o desenvolvido pelas 1\u00aa e 2\u00aa Promotorias de Justi\u00e7a de Buriticupu.\u00a0<\/a><\/li>\n<li><a href=\"https:\/\/www.mpma.mp.br\/reuniao-apresenta-resultados-ja-alcancados-pelo-planejamento-estrategico-do-mpma\/\">Reuni\u00e3o apresenta\u00e7\u00e3o de resultados j\u00e1 alcan\u00e7ados pelo Planejamento Estrat\u00e9gico do MPMA<\/a><\/li>\n<\/ol>\n","protected":false},"excerpt":{"rendered":"<p>Planejamento estrat\u00e9gico definir\u00e1 demandas priorit\u00e1rias do MPMA para os pr\u00f3ximos anos MPMA inicia planejamento estrat\u00e9gico 2021 \u2013 2029 Registro em v\u00eddeo do lan\u00e7amento da consulta p\u00fablica do Planejamento Estrat\u00e9gico Institucional&hellip;<\/p>\n","protected":false},"author":9,"featured_media":0,"parent":0,"menu_order":0,"comment_status":"closed","ping_status":"closed","template":"","meta":{"footnotes":""},"class_list":["post-256","page","type-page","status-publish","hentry"],"_links":{"self":[{"href":"https:\/\/planejamento.mpma.mp.br\/index.php?rest_route=\/wp\/v2\/pages\/256","targetHints":{"allow":["GET"]}}],"collection":[{"href":"https:\/\/planejamento.mpma.mp.br\/index.php?rest_route=\/wp\/v2\/pages"}],"about":[{"href":"https:\/\/planejamento.mpma.mp.br\/index.php?rest_route=\/wp\/v2\/types\/page"}],"author":[{"embeddable":true,"href":"https:\/\/planejamento.mpma.mp.br\/index.php?rest_route=\/wp\/v2\/users\/9"}],"replies":[{"embeddable":true,"href":"https:\/\/planejamento.mpma.mp.br\/index.php?rest_route=%2Fwp%2Fv2%2Fcomments&post=256"}],"version-history":[{"count":37,"href":"https:\/\/planejamento.mpma.mp.br\/index.php?rest_route=\/wp\/v2\/pages\/256\/revisions"}],"predecessor-version":[{"id":515,"href":"https:\/\/planejamento.mpma.mp.br\/index.php?rest_route=\/wp\/v2\/pages\/256\/revisions\/515"}],"wp:attachment":[{"href":"https:\/\/planejamento.mpma.mp.br\/index.php?rest_route=%2Fwp%2Fv2%2Fmedia&parent=256"}],"curies":[{"name":"wp","href":"https:\/\/api.w.org\/{rel}","templated":true}]}}